(m) = m - 4*m**2 + 5*m**3 + m**2 + 0 + 1. Let g be s(1). Let k(j) = 7*j**2 - 3*j - 1. Does 11 divide k(g)?
True
Suppose 4*o - 2*o = -o. Suppose o = -f - 132 + 62. Let y = f + 109. Is 8 a factor of y?
False
Suppose 0 = -0*y - 15*y + 135. Let v be (y/(-3) - (-7 - -4))/2. Suppose r - 152 = -r + 2*o, v = -4*r - 4*o + 344. Is r a multiple of 13?
False
Suppose 0 = -2*q + 4*q - d, 0 = 2*q + d. Let o be 4/(-3)*-3 + (q - 6). Does 11 divide o/11 - (4416/11)/(-8)?
False
Suppose -32 = -m + 2*g - 2, -g + 5 = 0. Suppose -5126 = -m*s - 126. Is s a multiple of 5?
True
Is 32 a factor of ((-202)/4)/((-38)/1140)?
False
Let h(n) be the first derivative of -n**4/4 + 22*n**3/3 + 57*n**2/2 - 24*n + 153. Is 27 a factor of h(24)?
False
Suppose -1 + 1 = -7*i. Suppose -18*d + 17*d + 5 = i. Suppose 6*o + 4 = d*o, 0 = 4*k + 5*o - 176. Is k a multiple of 15?
False
Let i = 47016 - 31836. Does 66 divide i?
True
Let g = -4670 + 8273. Suppose -13*m = -g - 3807. Is 57 a factor of m?
True
Suppose 2*o = -5*j + 5127, -65*j = -o - 61*j + 2583. Is 17 a factor of o?
False
Suppose 0*w = -4*w. Suppose 3*k + 2*u = 200, u + 237 = 4*k - 15. Suppose w = -4*o + 6*o - k. Is 8 a factor of o?
True
Suppose -23*i + 32*i = -1782. Let c = 256 - i. Does 10 divide c?
False
Let a(p) = 281*p**2 - 26*p - 148. Is 159 a factor of a(-4)?
True
Suppose 29*p - 41*p + 49140 = 0. Suppose 4*t - p + 1183 = 0. Does 44 divide t?
False
Suppose 5*n - 24 = 3*w - 2*w, -12 = n + 4*w. Suppose -n*z - 2*j + 3*j + 26 = 0, -3*z - 5*j + 8 = 0. Suppose z*u - 360 = 24. Is u a multiple of 32?
True
Suppose 5*a + 598 = o - 149, -3822 = -5*o - 4*a. Does 6 divide o?
True
Suppose 2*s + 185 = -4*h - 43, 2*h - 3*s = -98. Let t be 782/6 + 1/(-3). Let l = h + t. Is 25 a factor of l?
True
Suppose -4*x = 4*c - 244, x - 144 = -2*c - 20. Suppose 0 = -4*z + 4*i - 44, 0 = -6*z + z + 3*i - c. Let d = z - -35. Is 4 a factor of d?
True
Let o(c) = -824*c - 944. Is o(-17) a multiple of 100?
False
Suppose -k + 5 = -2*y, 4*y - k - 25 = 8*y. Let g be (29 + (y - -1))*(-8)/(-10). Does 14 divide 1/(-2)*-7*g?
True
Let l(j) = -j**3 + 11*j**2 - 9*j - 6. Let b be l(10). Suppose -2*n - 6 = b*n. Let k(f) = -114*f - 1. Is k(n) a multiple of 9?
False
Suppose 7*n - 2*n - 23460 = 0. Suppose -16*x + n = -3676. Is x a multiple of 25?
False
Suppose 17*h + 141 + 369 = 0. Is 7 a factor of 96/20*h/(2 + -4)?
False
Suppose 2*z = 6*g - 4*g + 14, -5*g + 10 = 4*z. Does 25 divide 15/g*2440/(-183)?
True
Suppose -95*a + 3223584 = 28*a. Is 168 a factor of a?
True
Is 2 a factor of (2490/(-18) + 10)/((-3)/45) - -7?
True
Let l = 5730 + -3203. Is l a multiple of 23?
False
Suppose 7*i - 3210 = -55*i - 45*i. Suppose 13 = 4*y - 7. Suppose -2*h + i - y = -g, 18 = h + 5*g. Is h a multiple of 10?
False
Suppose 0 = 21*v + 25 + 17. Is 86 a factor of (-4 - 144/(-27))*(-645)/v?
True
Let t(z) = z**2 - 9*z + 17. Let n be t(3). Let w(f) = -394*f**3 - 4*f**2 - 3*f - 1. Does 20 divide w(n)?
False
Suppose -38745 + 2745 = -5*m. Is m a multiple of 36?
True
Let n be ((-2 - -1)*-28)/(66/(-528)). Let g = 634 - n. Is g a multiple of 52?
False
Suppose -2*t - 11*g = -15*g - 528, 847 = 3*t + 5*g. Let x = 517 - t. Is 27 a factor of x?
True
Does 32 divide 192*2 + 2*12/8?
False
Let l(x) be the third derivative of -x**4/8 - x**3/6 + 3*x**2. Let o be l(-2). Suppose 0*j + 290 = o*j. Is j a multiple of 11?
False
Let i(l) be the first derivative of -12*l**2 + 216*l + 22. Is 24 a factor of i(5)?
True
Is 9/21 + 19/(399/119670) - -1 a multiple of 30?
True
Is 4 a factor of 4/8 + (-1628487)/(-126)?
False
Let b(v) = 402*v + 3370. Does 10 divide b(17)?
False
Suppose -92*w - 217*w = -14308245. Does 189 divide w?
True
Is -8 - ((-9)/(54/24))/(16/111992) a multiple of 45?
True
Let p(c) = -126*c**3 + 12*c**2 + 9*c + 12. Is p(-2) a multiple of 14?
True
Let q be (18/(-12))/(-3*2/(-72)). Let n(l) = l**3 + 19*l**2 + 3*l + 60. Is 18 a factor of n(q)?
False
Is ((-47)/(-4))/((-3448)/1728 + 2) a multiple of 34?
False
Suppose -4*q - 2*l + 17 + 1 = 0, 3 = -3*l. Suppose -q*c + 668 = 3*k, 0*k - 2*k = c - 436. Is 4 a factor of k?
True
Suppose 3*b - 13700 = 51*z - 52*z, z + 4*b = 13702. Is 63 a factor of z?
False
Let k be (6 - 4)/((-6)/9). Let f(j) = -57*j**3 + 2*j**2 - 3. Is f(k) a multiple of 111?
True
Let i = 3801 - 1331. Does 5 divide i?
True
Suppose -109850 = -16*v - 32*v - 2*v. Does 13 divide v?
True
Let n(r) = -767*r - 543. Does 11 divide n(-4)?
False
Let a be (-4)/1 + (-1 - 151). Let j = a + -360. Is 9 a factor of (3/(-6))/(6/j)?
False
Let h(d) = -2860*d - 1227. Does 12 divide h(-1)?
False
Suppose -z + 0*z + 5*n = -9, -5*z + 2*n + 22 = 0. Suppose -2*u + 96 = -z*c, -5*u - c - 43 + 283 = 0. Is u a multiple of 12?
True
Let r(b) be the first derivative of -84*b**2 - 28*b - 16. Let q be r(-11). Suppose -q = -7*p - 6*p. Is 28 a factor of p?
True
Suppose -z + p - 5 = 0, 2*z + p - 1 = 4. Suppose 3*l - 207 - 45 = z. Is 12 a factor of l?
True
Let o be (-1 - -3)/((-24)/(-3324)) - 2. Let v = -134 + o. Does 4 divide v?
False
Let i = -4823 - -6007. Is i a multiple of 16?
True
Let g(w) = -37*w - 36. Let d(h) = -7*h - 7. Let b(i) = 22*d(i) - 4*g(i). Let j(f) = -f**2 - 3*f + 2. Let a be j(2). Does 6 divide b(a)?
False
Let z = 313 - 311. Suppose -2*f = -7*f - 20, -z*x - 5*f + 484 = 0. Does 21 divide x?
True
Suppose 3*o - 12 - 121 = -4*l, -170 = -5*l - 3*o. Suppose 0 = 3*t - l - 215. Is 6 a factor of t?
True
Let l(r) = 811*r + 559. Is 77 a factor of l(22)?
False
Let c(i) = 23*i. Let k be c(6). Suppose 0 = -4*v - w + 321, -2*v - 2*w = -6*w - k. Suppose -v*q + 83*q - 724 = 0. Is q a multiple of 8?
False
Let s be 3/42 + ((-2)/6)/((-280)/4140). Let x be (-1222)/(-6) + 2/6. Suppose -x = -4*t - 4*k, 275 - 29 = s*t + 2*k. Is 8 a factor of t?
True
Let m be (-16)/(-1)*(-60)/2. Let t be (m/9)/(-2)*3. Let d = t + -67. Does 2 divide d?
False
Let c(s) = 10*s**2 + 18*s - 95. Let t be c(-18). Is 23 a factor of t/62 - (-1)/2?
True
Let a(p) = -p**3 + 5*p**2 - 2*p + 2. Let n be a(4). Let w(h) = 11*h + 88. Is w(n) a multiple of 9?
True
Suppose 25637 + 10100 = 5*m - 2*n, 28584 = 4*m - 3*n. Is m a multiple of 44?
False
Is 21 a factor of 1*6198*38/(-133)*49/(-28)?
False
Let x(t) be the third derivative of -t**6/120 - 3*t**5/20 + 5*t**4/3 - 9*t**3/2 + 32*t**2. Is x(-13) a multiple of 26?
False
Let c = -2673 + 4825. Suppose 4*i - c = -4*v + 752, v = 5*i + 696. Does 31 divide v?
False
Suppose -2853 = -224*w + 220*w - s, 5*s = w - 687. Does 2 divide w?
True
Is ((-65)/(-10) - -4)*100464/126 a multiple of 26?
True
Let p = 6 - 2. Let n be (-1)/5 - (-1)/20*p. Suppose 4*g = -5*j + 164, n*g + 2*g - j - 68 = 0. Is g even?
True
Let o(d) = -4*d**2 + d + 4. Let x(u) = u**2. Let r(v) = o(v) + 5*x(v). Let g(a) = -2*a**2 - 2*a - 11. Let i(k) = 3*g(k) + 8*r(k). Is i(5) a multiple of 15?
False
Suppose -5*g + 5*b = -35, -g - 3*b = 1 + 8. Suppose 0 = -3*u + 2*h + h - 60, -15 = -g*h. Let l = u - -22. Is l a multiple of 4?
False
Let i be (86 - 96)*1/(-2). Let w(u) = -u**2 - 4*u. Let p be w(-4). Suppose p = 5*v - 40 - i. Is 5 a factor of v?
False
Suppose b + 2*j = 6, -3*b = 3*j - 4*j - 11. Suppose f - b*d - 57 = 0, -3*f = 4*d - 3*d - 158. Is 6 a factor of f?
False
Suppose -n - 4*n = 2*n. Suppose 0 = q + 3*l - 2, n = -3*q - 3*l - 0*l + 12. Suppose 0 = 5*z - 9 + 34, 0 = -4*v - q*z + 111. Does 18 divide v?
False
Let y = 27653 - 16025. Is 228 a factor of y?
True
Let z be 6/4 - 2/(-4). Let c be 175*((-78)/(-65))/((-7)/(-15)). Suppose -3*p = z*p - c. Is 18 a factor of p?
True
Suppose 2 = -3*d - 2*v - 4, -3*d + 12 = -4*v. Suppose -20*j + 33*j - 2028 = d. Is j a multiple of 6?
True
Suppose -12*l + 285846 = -3*t, 11*t - 119106 = -5*l + 14*t. Is 5 a factor of l?
True
Suppose 457*o = 464*o - 35. Suppose -5*s + 1620 = 5*h, -4*s = -o*h + 76 - 1354. Is s a multiple of 18?
False
Let v(i) = 4*i**2 - 10*i - 67. Let h be v(14). Suppose 0*u = -3*o + 2*u + h, 0 = -u - 5. Is o a multiple of 27?
True
Let i = -79 - -1218. Does 3 divide i?
False
Suppose 13*q + 560 = 17*q + 5*i, -4*q - 3*i = -568. Suppose -q = -2*c + 1079. Is 34 a factor of c?
True
Let u(d) = 5278*d**3 + 3*d**2 + 309*d - 310. Is u(1) a multiple of 11?
True
Let b(t) = 4*t**2 - 14*t - 68. Let c be b(-8). Let a(g) = 9*g**2 - 5*g - 6. Let h be a(-3). Suppose 2*x = h + c. Is x a multiple of 39?
True
Let l(y) = -14*y**3 + 22*y**2 + 9*y + 93. Is 10 a fact